{"id":5645,"date":"2024-09-16T11:40:10","date_gmt":"2024-09-16T09:40:10","guid":{"rendered":"https:\/\/www.motek-messe.de\/?post_type=specials&#038;p=5645"},"modified":"2024-09-16T13:32:25","modified_gmt":"2024-09-16T11:32:25","slug":"industrial-production-forum-in-german-keine-angst-vor-ki-potenziale-nutzen-wettbewerbsfahig-bleiben","status":"publish","type":"specials","link":"https:\/\/www.motek-messe.de\/en\/specials\/industrial-production-forum-in-german-keine-angst-vor-ki-potenziale-nutzen-wettbewerbsfahig-bleiben\/","title":{"rendered":"INDUSTRIAL Production Forum (in German): &#8220;Keine Angst vor KI \u2013 Potenziale nutzen, wettbewerbsf\u00e4hig bleiben&#8221;"},"content":{"rendered":"<div class=\"wpb-content-wrapper\"><p>[vc_row][vc_column column_width_use_pixel=&#8221;yes&#8221; gutter_size=&#8221;3&#8243; overlay_alpha=&#8221;50&#8243; shift_x=&#8221;0&#8243; shift_y=&#8221;0&#8243; shift_y_down=&#8221;0&#8243; z_index=&#8221;0&#8243; medium_width=&#8221;0&#8243; mobile_width=&#8221;0&#8243; width=&#8221;1\/1&#8243; uncode_shortcode_id=&#8221;413347&#8243; column_width_pixel=&#8221;720&#8243;][vc_custom_heading heading_semantic=&#8221;h3&#8243; text_size=&#8221;h4&#8243; uncode_shortcode_id=&#8221;130372&#8243;]Mittwoch, 9. Oktober 2024, 09:30 \u2013 13:30 Uhr, Aussteller-Forum Halle 5[\/vc_custom_heading][vc_column_text uncode_shortcode_id=&#8221;426560&#8243;]Das Forum &#8220;Keine Angst vor KI \u2013 Potenziale nutzen, wettbewerbsf\u00e4hig bleiben&#8221; richtet sich an Unternehmen und Fachkr\u00e4fte, die sich mit den vielf\u00e4ltigen Einsatzm\u00f6glichkeiten und Herausforderungen der K\u00fcnstlichen Intelligenz (KI) in der Industrie auseinandersetzen m\u00f6chten. Das Ziel ist es, ein tieferes Verst\u00e4ndnis f\u00fcr die Potenziale von KI zu vermitteln und praxisnahe L\u00f6sungsans\u00e4tze zu pr\u00e4sentieren, um wettbewerbsf\u00e4hig zu bleiben.[\/vc_column_text][vc_custom_heading heading_semantic=&#8221;h3&#8243; text_size=&#8221;h4&#8243; uncode_shortcode_id=&#8221;156198&#8243;]09:30 | Phoenix Contact[\/vc_custom_heading][vc_column_text uncode_shortcode_id=&#8221;930705&#8243;]<em>Referent: Markus Berghammer, Director Int. Business Development Factory Automation<\/em><\/p>\n<p><strong>Thema<\/strong><br \/>\nDigital Factory, Machine Learning und Condition-based Maintenance[\/vc_column_text][vc_custom_heading heading_semantic=&#8221;h3&#8243; text_size=&#8221;h4&#8243; uncode_shortcode_id=&#8221;133076&#8243;]10:00 | Wittenstein[\/vc_custom_heading][vc_column_text uncode_shortcode_id=&#8221;617179&#8243;]<em>Referent: Patrick Hantschel, Director Digitalization Center, Corporate Foresight, Research &amp; Development<\/em><\/p>\n<p><strong>Thema<\/strong><br \/>\nVoraussetzungen und wirksame Grundlagen f\u00fcr KI-Anwendungen aus Sicht des Systemlieferanten[\/vc_column_text][vc_custom_heading heading_semantic=&#8221;h3&#8243; text_size=&#8221;h4&#8243; uncode_shortcode_id=&#8221;152576&#8243;]10:30 | ABB AG[\/vc_custom_heading][vc_column_text uncode_shortcode_id=&#8221;153440&#8243;]<em>Referent: Ren\u00e9 Kirsten, Research Team Manager Robotics &amp; Automation<\/em><\/p>\n<p><strong>Thema<\/strong><br \/>\nIst das KI oder kann das weg? KI in der industriellen Robotik[\/vc_column_text][vc_custom_heading heading_semantic=&#8221;h3&#8243; text_size=&#8221;h4&#8243; uncode_shortcode_id=&#8221;141840&#8243;]11:00 | igus\u00ae GmbH[\/vc_custom_heading][vc_column_text uncode_shortcode_id=&#8221;200744&#8243;]<em>Referent: Kai Finke, Senior Manager Online Tools and Plattform<\/em><\/p>\n<p><strong>Thema<\/strong><br \/>\nigusGO App: Mit KI das Optimierungspotential von Anwendungen spielerisch erkennen[\/vc_column_text][vc_custom_heading heading_semantic=&#8221;h3&#8243; text_size=&#8221;h4&#8243; uncode_shortcode_id=&#8221;153955&#8243;]11:30 | J. Schmalz GmbH[\/vc_custom_heading][vc_column_text uncode_shortcode_id=&#8221;145899&#8243;]<em>Referent: Marco Dutenst\u00e4dter, Gesch\u00e4ftsentwicklung Robotik<\/em><\/p>\n<p><strong>Thema<\/strong><br \/>\nKI-basiertes, intelligentes &amp; flexibles Greifen von unbekannten Objekten[\/vc_column_text][vc_custom_heading heading_semantic=&#8221;h3&#8243; text_size=&#8221;h4&#8243; uncode_shortcode_id=&#8221;172483&#8243;]12:00 | SmartFactory Kaiserslautern[\/vc_custom_heading][vc_column_text uncode_shortcode_id=&#8221;109298&#8243;]<em>Referent: Pascal R\u00fcbel, Projektleiter Factory-X, Gebietsverantwortlicher f\u00fcr Industriegesch\u00e4ft<\/em><\/p>\n<p><strong>Thema<\/strong><br \/>\nKI als Digitale Services im Datenraum[\/vc_column_text][vc_custom_heading heading_semantic=&#8221;h3&#8243; text_size=&#8221;h4&#8243; uncode_shortcode_id=&#8221;200368&#8243;]12:30 | Podiums-Diskussion[\/vc_custom_heading][vc_empty_space empty_h=&#8221;2&#8243;][vc_column_text uncode_shortcode_id=&#8221;177947&#8243;]Das Forum bietet eine Plattform f\u00fcr den Austausch von Wissen und Erfahrungen, f\u00f6rdert die Vernetzung und unterst\u00fctzt Unternehmen dabei, die Potenziale der K\u00fcnstlichen Intelligenz optimal zu nutzen.<br \/>\nAbschlie\u00dfend folgt die <strong>Podiumsdiskussion zum Thema \u201eFachkr\u00e4fte, Energiepreise und Klimaschutz, ist der Produktionsstandort Deutschland noch zu retten?\u201c<\/strong>[\/vc_column_text][vc_single_image media=&#8221;5667&#8243; media_width_percent=&#8221;100&#8243; uncode_shortcode_id=&#8221;146238&#8243; media_link=&#8221;url:https%3A%2F%2Fwww.pelemedia.de%2F|target:_blank&#8221;][vc_single_image media=&#8221;5635&#8243; media_width_percent=&#8221;100&#8243; uncode_shortcode_id=&#8221;547766&#8243;][\/vc_column][\/vc_row]<\/p>\n<\/div>","protected":false},"excerpt":{"rendered":"<p>Das Forum &#8220;Keine Angst vor KI \u2013 Potenziale nutzen, wettbewerbsf\u00e4hig bleiben&#8221; richtet sich an Unternehmen und Fachkr\u00e4fte, die sich mit den vielf\u00e4ltigen Einsatzm\u00f6glichkeiten und Herausforderungen der K\u00fcnstlichen Intelligenz (KI) in der Industrie auseinandersetzen m\u00f6chten. Das Ziel ist es, ein tieferes Verst\u00e4ndnis f\u00fcr die Potenziale von KI zu vermitteln und praxisnahe L\u00f6sungsans\u00e4tze zu pr\u00e4sentieren, um wettbewerbsf\u00e4hig zu bleiben.<\/p>\n","protected":false},"author":1,"featured_media":5634,"comment_status":"closed","ping_status":"closed","template":"","meta":{"footnotes":""},"categories":[15],"class_list":["post-5645","specials","type-specials","status-publish","has-post-thumbnail","hentry","category-special"],"_links":{"self":[{"href":"https:\/\/www.motek-messe.de\/en\/wp-json\/wp\/v2\/specials\/5645","targetHints":{"allow":["GET"]}}],"collection":[{"href":"https:\/\/www.motek-messe.de\/en\/wp-json\/wp\/v2\/specials"}],"about":[{"href":"https:\/\/www.motek-messe.de\/en\/wp-json\/wp\/v2\/types\/specials"}],"author":[{"embeddable":true,"href":"https:\/\/www.motek-messe.de\/en\/wp-json\/wp\/v2\/users\/1"}],"replies":[{"embeddable":true,"href":"https:\/\/www.motek-messe.de\/en\/wp-json\/wp\/v2\/comments?post=5645"}],"version-history":[{"count":4,"href":"https:\/\/www.motek-messe.de\/en\/wp-json\/wp\/v2\/specials\/5645\/revisions"}],"predecessor-version":[{"id":5741,"href":"https:\/\/www.motek-messe.de\/en\/wp-json\/wp\/v2\/specials\/5645\/revisions\/5741"}],"wp:featuredmedia":[{"embeddable":true,"href":"https:\/\/www.motek-messe.de\/en\/wp-json\/wp\/v2\/media\/5634"}],"wp:attachment":[{"href":"https:\/\/www.motek-messe.de\/en\/wp-json\/wp\/v2\/media?parent=5645"}],"wp:term":[{"taxonomy":"category","embeddable":true,"href":"https:\/\/www.motek-messe.de\/en\/wp-json\/wp\/v2\/categories?post=5645"}],"curies":[{"name":"wp","href":"https:\/\/api.w.org\/{rel}","templated":true}]}}

INDUSTRIAL Production Forum (in German): &#8220;Keine Angst vor KI – Potenziale nutzen, wettbewerbsfähig bleiben&#8221;

<div class="wpb-content-wrapper"><p>[vc_row][vc_column column_width_use_pixel=&#8221;yes&#8221; gutter_size=&#8221;3&#8243; overlay_alpha=&#8221;50&#8243; shift_x=&#8221;0&#8243; shift_y=&#8221;0&#8243; shift_y_down=&#8221;0&#8243; z_index=&#8221;0&#8243; medium_width=&#8221;0&#8243; mobile_width=&#8221;0&#8243; width=&#8221;1/1&#8243; uncode_shortcode_id=&#8221;413347&#8243; column_width_pixel=&#8221;720&#8243;][vc_custom_heading heading_semantic=&#8221;h3&#8243; text_size=&#8221;h4&#8243; uncode_shortcode_id=&#8221;130372&#8243;]Mittwoch, 9. Oktober 2024, 09:30 – 13:30 Uhr, Aussteller-Forum Halle 5[/vc_custom_heading][vc_column_text uncode_shortcode_id=&#8221;426560&#8243;]Das Forum &#8220;Keine Angst vor KI – Potenziale nutzen, wettbewerbsfähig bleiben&#8221; richtet sich an Unternehmen und Fachkräfte, die sich mit den vielfältigen Einsatzmöglichkeiten und Herausforderungen der Künstlichen Intelligenz (KI) in der Industrie auseinandersetzen möchten. Das Ziel ist es, ein tieferes Verständnis für die Potenziale von KI zu vermitteln und praxisnahe Lösungsansätze zu präsentieren, um wettbewerbsfähig zu bleiben.[/vc_column_text][vc_custom_heading heading_semantic=&#8221;h3&#8243; text_size=&#8221;h4&#8243; uncode_shortcode_id=&#8221;156198&#8243;]09:30 | Phoenix Contact[/vc_custom_heading][vc_column_text uncode_shortcode_id=&#8221;930705&#8243;]<em>Referent: Markus Berghammer, Director Int. Business Development Factory Automation</em></p>
<p><strong>Thema</strong><br />
Digital Factory, Machine Learning und Condition-based Maintenance[/vc_column_text][vc_custom_heading heading_semantic=&#8221;h3&#8243; text_size=&#8221;h4&#8243; uncode_shortcode_id=&#8221;133076&#8243;]10:00 | Wittenstein[/vc_custom_heading][vc_column_text uncode_shortcode_id=&#8221;617179&#8243;]<em>Referent: Patrick Hantschel, Director Digitalization Center, Corporate Foresight, Research &amp; Development</em></p>
<p><strong>Thema</strong><br />
Voraussetzungen und wirksame Grundlagen für KI-Anwendungen aus Sicht des Systemlieferanten[/vc_column_text][vc_custom_heading heading_semantic=&#8221;h3&#8243; text_size=&#8221;h4&#8243; uncode_shortcode_id=&#8221;152576&#8243;]10:30 | ABB AG[/vc_custom_heading][vc_column_text uncode_shortcode_id=&#8221;153440&#8243;]<em>Referent: René Kirsten, Research Team Manager Robotics &amp; Automation</em></p>
<p><strong>Thema</strong><br />
Ist das KI oder kann das weg? KI in der industriellen Robotik[/vc_column_text][vc_custom_heading heading_semantic=&#8221;h3&#8243; text_size=&#8221;h4&#8243; uncode_shortcode_id=&#8221;141840&#8243;]11:00 | igus® GmbH[/vc_custom_heading][vc_column_text uncode_shortcode_id=&#8221;200744&#8243;]<em>Referent: Kai Finke, Senior Manager Online Tools and Plattform</em></p>
<p><strong>Thema</strong><br />
igusGO App: Mit KI das Optimierungspotential von Anwendungen spielerisch erkennen[/vc_column_text][vc_custom_heading heading_semantic=&#8221;h3&#8243; text_size=&#8221;h4&#8243; uncode_shortcode_id=&#8221;153955&#8243;]11:30 | J. Schmalz GmbH[/vc_custom_heading][vc_column_text uncode_shortcode_id=&#8221;145899&#8243;]<em>Referent: Marco Dutenstädter, Geschäftsentwicklung Robotik</em></p>
<p><strong>Thema</strong><br />
KI-basiertes, intelligentes &amp; flexibles Greifen von unbekannten Objekten[/vc_column_text][vc_custom_heading heading_semantic=&#8221;h3&#8243; text_size=&#8221;h4&#8243; uncode_shortcode_id=&#8221;172483&#8243;]12:00 | SmartFactory Kaiserslautern[/vc_custom_heading][vc_column_text uncode_shortcode_id=&#8221;109298&#8243;]<em>Referent: Pascal Rübel, Projektleiter Factory-X, Gebietsverantwortlicher für Industriegeschäft</em></p>
<p><strong>Thema</strong><br />
KI als Digitale Services im Datenraum[/vc_column_text][vc_custom_heading heading_semantic=&#8221;h3&#8243; text_size=&#8221;h4&#8243; uncode_shortcode_id=&#8221;200368&#8243;]12:30 | Podiums-Diskussion[/vc_custom_heading][vc_empty_space empty_h=&#8221;2&#8243;][vc_column_text uncode_shortcode_id=&#8221;177947&#8243;]Das Forum bietet eine Plattform für den Austausch von Wissen und Erfahrungen, fördert die Vernetzung und unterstützt Unternehmen dabei, die Potenziale der Künstlichen Intelligenz optimal zu nutzen.<br />
Abschließend folgt die <strong>Podiumsdiskussion zum Thema „Fachkräfte, Energiepreise und Klimaschutz, ist der Produktionsstandort Deutschland noch zu retten?“</strong>[/vc_column_text][vc_single_image media=&#8221;5667&#8243; media_width_percent=&#8221;100&#8243; uncode_shortcode_id=&#8221;146238&#8243; media_link=&#8221;url:https%3A%2F%2Fwww.pelemedia.de%2F|target:_blank&#8221;][vc_single_image media=&#8221;5635&#8243; media_width_percent=&#8221;100&#8243; uncode_shortcode_id=&#8221;547766&#8243;][/vc_column][/vc_row]</p>
</div>

<p>Das Forum &#8220;Keine Angst vor KI – Potenziale nutzen, wettbewerbsfähig bleiben&#8221; richtet sich an Unternehmen und Fachkräfte, die sich mit den vielfältigen Einsatzmöglichkeiten und Herausforderungen der Künstlichen Intelligenz (KI) in der Industrie auseinandersetzen möchten. Das Ziel ist es, ein tieferes Verständnis für die Potenziale von KI zu vermitteln und praxisnahe Lösungsansätze zu präsentieren, um wettbewerbsfähig zu bleiben.</p>
